
{"id":41,"date":"2021-02-04T13:16:37","date_gmt":"2021-02-04T12:16:37","guid":{"rendered":"http:\/\/home.uia.no\/asgerbm\/?page_id=41"},"modified":"2021-02-16T17:25:51","modified_gmt":"2021-02-16T16:25:51","slug":"opgave-1","status":"publish","type":"page","link":"https:\/\/home.uia.no\/asgerbm\/opgaver\/opgave-1\/","title":{"rendered":"Opgave 1 &#8211; Refleksioner over Basic Ski Course"},"content":{"rendered":"<h1><\/h1>\n<h1><img loading=\"lazy\" decoding=\"async\" class=\"size-medium wp-image-89 aligncenter\" style=\"color: #333333;font-weight: 300\" src=\"http:\/\/home.uia.no\/asgerbm\/files\/2021\/02\/Gautestad1-300x225.jpg\" alt=\"\" width=\"300\" height=\"225\" srcset=\"https:\/\/home.uia.no\/asgerbm\/files\/2021\/02\/Gautestad1-300x225.jpg 300w, https:\/\/home.uia.no\/asgerbm\/files\/2021\/02\/Gautestad1-768x576.jpg 768w, https:\/\/home.uia.no\/asgerbm\/files\/2021\/02\/Gautestad1-1024x768.jpg 1024w, https:\/\/home.uia.no\/asgerbm\/files\/2021\/02\/Gautestad1-400x300.jpg 400w, https:\/\/home.uia.no\/asgerbm\/files\/2021\/02\/Gautestad1.jpg 1156w\" sizes=\"(max-width: 300px) 100vw, 300px\" \/><\/h1>\n<h1>Langrendstur til Evje<\/h1>\n<h2>Hvad har jeg l\u00e6rt?<\/h2>\n<p>Vores tur har givet mulighed for at \u00f8ve navigation i et uvant omr\u00e5de og terr\u00e6n. Dette har givet indblik i hvordan man kan komme frem i variende h\u00f8jder og i variende terr\u00e6n p\u00e5 langrendsski.<\/p>\n<p>Turen har givet en masse tr\u00e6ning i forskellige langrendsteknikker, herunder p\u00e5 fladt, opadg\u00e5ende og nedadg\u00e5ende terr\u00e6n. Ved at \u00f8ve disse teknikker i vildt terr\u00e6n frem for p\u00e5 pr\u00e6parerede l\u00f8jper gives muligheder for at komme frem til og oplede andre og fjernere omr\u00e5der. Dette kan give oplevelser af natur og frihed, som ikke f\u00e5s p\u00e5 pr\u00e6parerede l\u00f8jper og pister.<\/p>\n<p>Turen har givet erfaring med temperaturregulering p\u00e5 langrendstur &#8211; i varmt og vindstille vejr &#8211; og en ide om variationer. Jeg fungerer fint med en lang uldundertr\u00f8je og en softshelljakke over &#8211; og variende m\u00e6ngder uld om hals og hoved giver en ret pr\u00e6cis varmeregulering.<\/p>\n<h2>Gruppedynamikker<\/h2>\n<p>En ny gruppe, som skal samarbejde omkring forskellige opgaver, kender ikke hinanden &#8211; eller hinandens styrker, svagheder og evner. Dette er grundlag for forskellige former for konflikter eller\u00a0<em>Storming <\/em>processer.<br \/>\nI vores langrendspraksis s\u00e5 vi dette i form af diskussion og forhandling omkring navigation og rollefordeling.<br \/>\nEksempler oplevede vi p\u00e5 tredjedagen, hvor vi var p\u00e5 navigationstur i det fri, med kort og kompas.<br \/>\nTo studerende fik en l\u00f8s opgave i at lede gruppen til tvitj\u00f8nn. De p\u00e5drog sig denne rolle ved at lede gruppen fremad &#8211; og vi n\u00e5ede en tj\u00f8nn og gjorde ophold. Gruppen kiggede p\u00e5 kort og nogle fandt frem til at det var den forkerte tj\u00f8nn og resten var i tvivl &#8211; heriblandt vejlederne.<br \/>\nLederrollen som formelt var p\u00e5 vejlederne blev opl\u00f8st og gruppen fortsatte efter den del af gruppen, som udviste st\u00f8rst sikkerhed p\u00e5 deres lokation.<br \/>\nUsikkerheden gjorde ogs\u00e5 at tvivlerne ytrede lyst til at vente p\u00e5 gruppens mere udtalte og reelle leder &#8211; i Len.<\/p>\n<h3>Hvad kunne v\u00e6re gjort anderledes?<\/h3>\n<ul>\n<li>I dette tilf\u00e6lde kunne det have v\u00e6ret fordelagtigt at gruppen havde brugt mere tid p\u00e5 at skabe konsensus<\/li>\n<li>Vejlederne kunne have gjort mere for at inddrage resten af gruppen i navigeringen &#8211; hermed kunne de ogs\u00e5 have beholdt vejlederrollen. Dette ville v\u00e6re nemmere hvis gruppen var p\u00e5 en mere optimal st\u00f8rrelse af omkring 8 personer.<\/li>\n<\/ul>\n<h3>Hvad kan forbedres?<\/h3>\n<ul>\n<li>Usikkerheden i gruppen og i de studerende kan afhj\u00e6lpes med erfaring<\/li>\n<li>Usikkerheden omkring roller og omkring hinandens evner vil udbedres med bedre kendskab til hinanden<\/li>\n<\/ul>\n<p>De studerende, som var mere sikre i deres sag, mig selv inkluderet &#8211; kunne have p\u00e5draget sig en mere ledende rolle. Jeg undlod at g\u00f8re dette da opgaven om at finde et specifikt sted ikke var i hoveds\u00e6det &#8211; det var turen, l\u00e6ringen og vejret.<br \/>\nEn aktiv leder ville betyde mere sikkerhed og retning &#8211; f\u00e6rre stop og mindre diskussion.<br \/>\nDette ville dog fratage initiativet fra resten af gruppen &#8211; og dermed l\u00e6ringen fra gruppens medlemmer.<\/p>\n<p>Vi lod usikkerheden i rollefordelingen forts\u00e6tte &#8211; for at sikre inddragningen af gruppens mindre initiativrige medlemmer &#8211; og for ikke at v\u00e6re for frembrusende.<\/p>\n<h2>Hvad kan tages med videre?<\/h2>\n<p>Erfaringer med turski kan bruges til egen rekreativ aktivitet og kan viderebringes til andre i et hvis omfang.<br \/>\nErfaringer med gruppedynamik og ledelse kan bruges i mange sammenh\u00e6nge i et eventuelt fremtidigt virke som vejleder eller l\u00e6rer &#8211; eller lignende. Den rollefordeling og rolleusikkerhed, som vi oplevede p\u00e5 turen giver et godt indblik i hvordan nyligt formede grupper fungere i praksis &#8211; og et peg i retning af l\u00f8sninger.<\/p>\n<p>&nbsp;<\/p>\n","protected":false},"excerpt":{"rendered":"<p>Langrendstur til Evje Hvad har jeg l\u00e6rt? Vores tur har givet mulighed for at \u00f8ve navigation i et uvant omr\u00e5de og terr\u00e6n. Dette har givet indblik i hvordan man kan komme frem i variende h\u00f8jder og i variende terr\u00e6n p\u00e5 &hellip; <a href=\"https:\/\/home.uia.no\/asgerbm\/opgaver\/opgave-1\/\">Les videre <span class=\"meta-nav\">&rarr;<\/span><\/a><\/p>\n","protected":false},"author":2939,"featured_media":0,"parent":69,"menu_order":0,"comment_status":"closed","ping_status":"closed","template":"","meta":{"_exactmetrics_skip_tracking":false,"_exactmetrics_sitenote_active":false,"_exactmetrics_sitenote_note":"","_exactmetrics_sitenote_category":0,"footnotes":""},"_links":{"self":[{"href":"https:\/\/home.uia.no\/asgerbm\/wp-json\/wp\/v2\/pages\/41"}],"collection":[{"href":"https:\/\/home.uia.no\/asgerbm\/wp-json\/wp\/v2\/pages"}],"about":[{"href":"https:\/\/home.uia.no\/asgerbm\/wp-json\/wp\/v2\/types\/page"}],"author":[{"embeddable":true,"href":"https:\/\/home.uia.no\/asgerbm\/wp-json\/wp\/v2\/users\/2939"}],"replies":[{"embeddable":true,"href":"https:\/\/home.uia.no\/asgerbm\/wp-json\/wp\/v2\/comments?post=41"}],"version-history":[{"count":5,"href":"https:\/\/home.uia.no\/asgerbm\/wp-json\/wp\/v2\/pages\/41\/revisions"}],"predecessor-version":[{"id":93,"href":"https:\/\/home.uia.no\/asgerbm\/wp-json\/wp\/v2\/pages\/41\/revisions\/93"}],"up":[{"embeddable":true,"href":"https:\/\/home.uia.no\/asgerbm\/wp-json\/wp\/v2\/pages\/69"}],"wp:attachment":[{"href":"https:\/\/home.uia.no\/asgerbm\/wp-json\/wp\/v2\/media?parent=41"}],"curies":[{"name":"wp","href":"https:\/\/api.w.org\/{rel}","templated":true}]}}