
{"id":74,"date":"2016-09-07T18:09:58","date_gmt":"2016-09-07T17:09:58","guid":{"rendered":"http:\/\/home.uia.no\/bjorno14\/?page_id=74"},"modified":"2016-09-13T13:46:40","modified_gmt":"2016-09-13T12:46:40","slug":"time-4","status":"publish","type":"page","link":"https:\/\/home.uia.no\/bjorno14\/oppgaver\/idr129\/kunde-2\/time-4\/","title":{"rendered":"Time 4"},"content":{"rendered":"<p><a href=\"http:\/\/home.uia.no\/bjorno14\/files\/2016\/09\/Kunde-2-\u00f8kt-2-2.jpg\"><img loading=\"lazy\" decoding=\"async\" class=\"aligncenter size-full wp-image-152\" src=\"http:\/\/home.uia.no\/bjorno14\/files\/2016\/09\/Kunde-2-\u00f8kt-2-2.jpg\" alt=\"\" width=\"1239\" height=\"1754\" srcset=\"https:\/\/home.uia.no\/bjorno14\/files\/2016\/09\/Kunde-2-\u00f8kt-2-2.jpg 1239w, https:\/\/home.uia.no\/bjorno14\/files\/2016\/09\/Kunde-2-\u00f8kt-2-2-211x300.jpg 211w, https:\/\/home.uia.no\/bjorno14\/files\/2016\/09\/Kunde-2-\u00f8kt-2-2-723x1024.jpg 723w, https:\/\/home.uia.no\/bjorno14\/files\/2016\/09\/Kunde-2-\u00f8kt-2-2-353x500.jpg 353w\" sizes=\"(max-width: 1239px) 100vw, 1239px\" \/><\/a>\u00a0<a href=\"http:\/\/home.uia.no\/bjorno14\/files\/2016\/09\/Kunde-2-\u00f8kt-211.jpg\"><img loading=\"lazy\" decoding=\"async\" class=\"aligncenter size-full wp-image-153\" src=\"http:\/\/home.uia.no\/bjorno14\/files\/2016\/09\/Kunde-2-\u00f8kt-211.jpg\" alt=\"\" width=\"1239\" height=\"1754\" srcset=\"https:\/\/home.uia.no\/bjorno14\/files\/2016\/09\/Kunde-2-\u00f8kt-211.jpg 1239w, https:\/\/home.uia.no\/bjorno14\/files\/2016\/09\/Kunde-2-\u00f8kt-211-211x300.jpg 211w, https:\/\/home.uia.no\/bjorno14\/files\/2016\/09\/Kunde-2-\u00f8kt-211-723x1024.jpg 723w, https:\/\/home.uia.no\/bjorno14\/files\/2016\/09\/Kunde-2-\u00f8kt-211-353x500.jpg 353w\" sizes=\"(max-width: 1239px) 100vw, 1239px\" \/><\/a>\u00a0Etter avtale med kunden kj\u00f8rer vi samme \u00f8kt som forrige gang, derfor st\u00e5r det &laquo;\u00f8kt 2&raquo; p\u00e5 exor-skjemaet. Forskjellen er at n\u00e5 er kunden mer kjent med \u00f8velsene og f\u00e5r de til veldig bra. Han er forn\u00f8yd og vi snakker litt om progresjonsmuligheter som han selv kan gj\u00f8re p\u00e5 egenh\u00e5nd. Som f.eks \u00e5 kj\u00f8re lenger tid p\u00e5 planken og justere p\u00e5 antall reps p\u00e5 de andre \u00f8velsene.<br \/>\nDet at han ikke fikk s\u00e5 mye ut av den f\u00f8rste \u00f8kta trenger ikke n\u00f8dvendigvis ikke v\u00e6re s\u00e5 negativt, da han f\u00e5r en innf\u00f8ring i disse og kan kj\u00f8re det programmet p\u00e5 egen h\u00e5nd etter hvert som han blir sterkere.<\/p>\n<p>&nbsp;<\/p>\n<p>&nbsp;<\/p>\n","protected":false},"excerpt":{"rendered":"<p>\u00a0\u00a0Etter avtale med kunden kj\u00f8rer vi samme \u00f8kt som forrige gang, derfor st\u00e5r det &laquo;\u00f8kt 2&raquo; p\u00e5 exor-skjemaet. Forskjellen er at n\u00e5 er kunden mer kjent med \u00f8velsene og f\u00e5r de til veldig bra. Han er forn\u00f8yd og vi snakker &hellip; <a href=\"https:\/\/home.uia.no\/bjorno14\/oppgaver\/idr129\/kunde-2\/time-4\/\">Les videre <span class=\"meta-nav\">&rarr;<\/span><\/a><\/p>\n","protected":false},"author":1138,"featured_media":0,"parent":11,"menu_order":0,"comment_status":"closed","ping_status":"closed","template":"","meta":{"_exactmetrics_skip_tracking":false,"_exactmetrics_sitenote_active":false,"_exactmetrics_sitenote_note":"","_exactmetrics_sitenote_category":0,"footnotes":""},"_links":{"self":[{"href":"https:\/\/home.uia.no\/bjorno14\/wp-json\/wp\/v2\/pages\/74"}],"collection":[{"href":"https:\/\/home.uia.no\/bjorno14\/wp-json\/wp\/v2\/pages"}],"about":[{"href":"https:\/\/home.uia.no\/bjorno14\/wp-json\/wp\/v2\/types\/page"}],"author":[{"embeddable":true,"href":"https:\/\/home.uia.no\/bjorno14\/wp-json\/wp\/v2\/users\/1138"}],"replies":[{"embeddable":true,"href":"https:\/\/home.uia.no\/bjorno14\/wp-json\/wp\/v2\/comments?post=74"}],"version-history":[{"count":3,"href":"https:\/\/home.uia.no\/bjorno14\/wp-json\/wp\/v2\/pages\/74\/revisions"}],"predecessor-version":[{"id":155,"href":"https:\/\/home.uia.no\/bjorno14\/wp-json\/wp\/v2\/pages\/74\/revisions\/155"}],"up":[{"embeddable":true,"href":"https:\/\/home.uia.no\/bjorno14\/wp-json\/wp\/v2\/pages\/11"}],"wp:attachment":[{"href":"https:\/\/home.uia.no\/bjorno14\/wp-json\/wp\/v2\/media?parent=74"}],"curies":[{"name":"wp","href":"https:\/\/api.w.org\/{rel}","templated":true}]}}