
{"id":225,"date":"2016-02-27T13:46:17","date_gmt":"2016-02-27T12:46:17","guid":{"rendered":"http:\/\/home.uia.no\/elimd\/?page_id=225"},"modified":"2016-02-27T13:46:17","modified_gmt":"2016-02-27T12:46:17","slug":"mentimeter","status":"publish","type":"page","link":"https:\/\/home.uia.no\/elimd\/verktoykasse\/mentimeter\/","title":{"rendered":"Mentimeter &#8211; Et enkelt responsverkt\u00f8y"},"content":{"rendered":"<p><a title=\"Mentimeter\" href=\"https:\/\/www.mentimeter.com\/\" target=\"_blank\">Mentimeter\u00a0<\/a>er et enkelt responsverkt\u00f8y som inviterer studentene til \u00e5 delta aktivt i undervisningen. Verkt\u00f8yet tillater \u00e5pne sp\u00f8rsm\u00e5l der studentene kan skrive inn hva de mener om noe, eller hva de vet om et tema.<\/p>\n<p><strong>Eksempel p\u00e5 et \u00e5pent sp\u00f8rsm\u00e5l med respons:<\/strong><\/p>\n<p><strong><\/strong><a href=\"http:\/\/home.uia.no\/elimd\/files\/2016\/02\/Digitale-ferdigheter.jpg\"><img loading=\"lazy\" decoding=\"async\" class=\"alignnone size-large wp-image-229\" src=\"http:\/\/home.uia.no\/elimd\/files\/2016\/02\/Digitale-ferdigheter-1024x356.jpg\" alt=\"\" width=\"640\" height=\"222\" srcset=\"https:\/\/home.uia.no\/elimd\/files\/2016\/02\/Digitale-ferdigheter-1024x356.jpg 1024w, https:\/\/home.uia.no\/elimd\/files\/2016\/02\/Digitale-ferdigheter-300x104.jpg 300w, https:\/\/home.uia.no\/elimd\/files\/2016\/02\/Digitale-ferdigheter-400x139.jpg 400w, https:\/\/home.uia.no\/elimd\/files\/2016\/02\/Digitale-ferdigheter.jpg 1590w\" sizes=\"(max-width: 640px) 100vw, 640px\" \/><\/a><\/p>\n<p><strong>Mulighet for avstemming<br \/>\n<\/strong>Verkt\u00f8yet gir ogs\u00e5 mulighet for \u00e5 sp\u00f8rre om studentene er enige eller uenige i et utsagn. Dette kan v\u00e6re for \u00e5 finne ut hva tilh\u00f8rerne mener om en sak eller som et utgangspunkt for diskusjon om holdninger siden svarene er anonyme.<\/p>\n<p><strong>Eksempel p\u00e5 avstemming:<\/strong><\/p>\n<p><a href=\"http:\/\/home.uia.no\/elimd\/files\/2016\/02\/Mentimeter-avstemming2.jpg\"><img loading=\"lazy\" decoding=\"async\" class=\"alignnone size-large wp-image-233\" src=\"http:\/\/home.uia.no\/elimd\/files\/2016\/02\/Mentimeter-avstemming2-1024x457.jpg\" alt=\"\" width=\"640\" height=\"285\" srcset=\"https:\/\/home.uia.no\/elimd\/files\/2016\/02\/Mentimeter-avstemming2-1024x457.jpg 1024w, https:\/\/home.uia.no\/elimd\/files\/2016\/02\/Mentimeter-avstemming2-300x133.jpg 300w, https:\/\/home.uia.no\/elimd\/files\/2016\/02\/Mentimeter-avstemming2-400x178.jpg 400w, https:\/\/home.uia.no\/elimd\/files\/2016\/02\/Mentimeter-avstemming2.jpg 1574w\" sizes=\"(max-width: 640px) 100vw, 640px\" \/><\/a><\/p>\n<p>Verkt\u00f8yet kan ogs\u00e5 brukes til \u00e5 kontrollere kunnskap eller sjekke at studentene har forst\u00e5tt det som er gjennomg\u00e5tt. I eksempelet under har jeg stilt et sp\u00f8rsm\u00e5l i spansk grammatikk, om ord som slutter p\u00e5 -o som regel er hankj\u00f8nn eller hunkj\u00f8nn. De aller fleste har svart riktig, at de er hankj\u00f8nn. Sp\u00f8rsm\u00e5let fungerer da som repetisjon og viser at dette temaet er forst\u00e5tt:<\/p>\n<p><a href=\"http:\/\/home.uia.no\/elimd\/files\/2016\/02\/Grammatikk.jpg\"><img loading=\"lazy\" decoding=\"async\" class=\"alignnone size-large wp-image-231\" src=\"http:\/\/home.uia.no\/elimd\/files\/2016\/02\/Grammatikk-1024x363.jpg\" alt=\"\" width=\"640\" height=\"226\" srcset=\"https:\/\/home.uia.no\/elimd\/files\/2016\/02\/Grammatikk-1024x363.jpg 1024w, https:\/\/home.uia.no\/elimd\/files\/2016\/02\/Grammatikk-300x106.jpg 300w, https:\/\/home.uia.no\/elimd\/files\/2016\/02\/Grammatikk-400x142.jpg 400w, https:\/\/home.uia.no\/elimd\/files\/2016\/02\/Grammatikk.jpg 1588w\" sizes=\"(max-width: 640px) 100vw, 640px\" \/><\/a><\/p>\n<p><strong>Mentimeter<br \/>\n<\/strong><\/p>\n<ul>\n<li>Tillater \u00e5pne sp\u00f8rsm\u00e5l og sp\u00f8rsm\u00e5l med alternative svar.<\/li>\n<li>Fagl\u00e6rer m\u00e5 opprette en bruker og lage sp\u00f8rsm\u00e5lene p\u00e5 sitt brukeromr\u00e5de.<\/li>\n<li>Studentene m\u00e5 g\u00e5 inn p\u00e5 nettadressen &laquo;govote.at&raquo; for \u00e5 svare\/stemme.<\/li>\n<li>Det er mulig \u00e5 bruke nettleser p\u00e5 mobiltelefon eller datamaskin uavhengig av operativsystem.<\/li>\n<li>Gratisversjonen tillater maks to sammenhengende sp\u00f8rsm\u00e5l, men det er mulig \u00e5 opprette flere unike sp\u00f8rsm\u00e5l.<\/li>\n<li>Svarene er helt anonyme og man kan velge \u00e5 vise eller skjule svarene.<\/li>\n<li>Svarene lagres hos brukeren og kan brukes om igjen, eller man kan hente tidligere sp\u00f8rsm\u00e5l.<\/li>\n<\/ul>\n","protected":false},"excerpt":{"rendered":"<p>Mentimeter\u00a0er et enkelt responsverkt\u00f8y som inviterer studentene til \u00e5 delta aktivt i undervisningen. Verkt\u00f8yet tillater \u00e5pne sp\u00f8rsm\u00e5l der studentene kan skrive inn hva de mener om noe, eller hva de vet om et tema. Eksempel p\u00e5 et \u00e5pent sp\u00f8rsm\u00e5l med &hellip; <a href=\"https:\/\/home.uia.no\/elimd\/verktoykasse\/mentimeter\/\">Les videre <span class=\"meta-nav\">&rarr;<\/span><\/a><\/p>\n","protected":false},"author":58,"featured_media":0,"parent":159,"menu_order":0,"comment_status":"closed","ping_status":"open","template":"","meta":{"_exactmetrics_skip_tracking":false,"_exactmetrics_sitenote_active":false,"_exactmetrics_sitenote_note":"","_exactmetrics_sitenote_category":0,"footnotes":""},"_links":{"self":[{"href":"https:\/\/home.uia.no\/elimd\/wp-json\/wp\/v2\/pages\/225"}],"collection":[{"href":"https:\/\/home.uia.no\/elimd\/wp-json\/wp\/v2\/pages"}],"about":[{"href":"https:\/\/home.uia.no\/elimd\/wp-json\/wp\/v2\/types\/page"}],"author":[{"embeddable":true,"href":"https:\/\/home.uia.no\/elimd\/wp-json\/wp\/v2\/users\/58"}],"replies":[{"embeddable":true,"href":"https:\/\/home.uia.no\/elimd\/wp-json\/wp\/v2\/comments?post=225"}],"version-history":[{"count":3,"href":"https:\/\/home.uia.no\/elimd\/wp-json\/wp\/v2\/pages\/225\/revisions"}],"predecessor-version":[{"id":234,"href":"https:\/\/home.uia.no\/elimd\/wp-json\/wp\/v2\/pages\/225\/revisions\/234"}],"up":[{"embeddable":true,"href":"https:\/\/home.uia.no\/elimd\/wp-json\/wp\/v2\/pages\/159"}],"wp:attachment":[{"href":"https:\/\/home.uia.no\/elimd\/wp-json\/wp\/v2\/media?parent=225"}],"curies":[{"name":"wp","href":"https:\/\/api.w.org\/{rel}","templated":true}]}}