
{"id":267,"date":"2016-10-20T22:06:05","date_gmt":"2016-10-20T21:06:05","guid":{"rendered":"http:\/\/home.uia.no\/elimd\/?page_id=267"},"modified":"2016-10-23T20:42:02","modified_gmt":"2016-10-23T19:42:02","slug":"samarbeidsverktoy","status":"publish","type":"page","link":"https:\/\/home.uia.no\/elimd\/presentasjoner\/samarbeidsverktoy\/","title":{"rendered":"Digitale samarbeidsverkt\u00f8y i fremmedspr\u00e5ksundervisningen"},"content":{"rendered":"<p>Velkommen til kurs om digitale samarbeidsverkt\u00f8y i fremmedspr\u00e5ksundervisningen p\u00e5 S\u00f8rlandsk l\u00e6rerstevne 21. oktober 2016!<\/p>\n<p><strong>Innledning<\/strong><br \/>\nDere kan pr\u00f8ve \u00e5 skrive notater fra kurset sammen p\u00e5 denne lenken: <a title=\"Samskrive notater\" href=\"http:\/\/samskrive.ndla.no\/p\/ZXfiZWSpwy\" target=\"_blank\">http:\/\/samskrive.ndla.no\/p\/ZXfiZWSpwy<\/a>\u00a0&#8211; Dette samskrivingsverkt\u00f8yet heter Etherpad, og dere finner det p\u00e5 NDLAs nettsider:\u00a0<a title=\"Samskrivingsverkt\u00f8y p\u00e5 NDLAs nettsider\" href=\"http:\/\/samskrive.ndla.no\/\" target=\"_blank\">http:\/\/samskrive.ndla.no\/<\/a><\/p>\n<p><strong>Presentasjon del 1<\/strong><br \/>\nHer er presentasjonen fra f\u00f8rste del av kurset: <a title=\"Presentasjon av del 1\" href=\"https:\/\/mix.office.com\/watch\/1ip6emriqo76p\" target=\"_blank\">https:\/\/mix.office.com\/watch\/1ip6emriqo76p<\/a><\/p>\n<p><strong>Lenker til noen av verkt\u00f8yene som ble presentert:<\/strong><br \/>\nDere kan ogs\u00e5 se et blogginnlegg om <a href=\"http:\/\/mentimeter.com\" target=\"_blank\">Mentimeter<\/a> her:\u00a0<a title=\"Presentasjon av Mentimeter\" href=\"http:\/\/home.uia.no\/elimd\/verktoykasse\/mentimeter\/\" target=\"_blank\">http:\/\/home.uia.no\/elimd\/verktoykasse\/mentimeter\/<\/a><\/p>\n<p>Og et blogginnlegg om tankekartverkt\u00f8yet <a href=\"https:\/\/www.mindmeister.com\/\" target=\"_blank\">MindMeister<\/a>:\u00a0<a title=\"Tankekart i MindMeister\" href=\"http:\/\/home.uia.no\/elimd\/verktoykasse\/mindmeister\/\" target=\"_blank\">http:\/\/home.uia.no\/elimd\/verktoykasse\/mindmeister\/<\/a>\u00a0For \u00e5 pr\u00f8ve \u00e5 samskrive i tankekart, kan dere bidra med forslag til verkt\u00f8y i dette tankekartet:\u00a0<a title=\"Digitale verkt\u00f8y\" href=\"https:\/\/www.mindmeister.com\/619224293\" target=\"_blank\">https:\/\/www.mindmeister.com\/619224293<\/a><\/p>\n<p><strong>Oppsummering del 1<\/strong><br \/>\nFelles oppsummering av f\u00f8rste del: <a href=\"https:\/\/hackpad.com\/Hva-er-det-viktigste-du-har-lrt-til-n-b4IzdPvZ7b3\">https:\/\/<\/a><a href=\"https:\/\/hackpad.com\/Hva-er-det-viktigste-du-har-lrt-til-n-b4IzdPvZ7b3\">hackpad.com\/Hva-er-det-viktigste-du-har-lrt-til-n-b4IzdPvZ7b3<\/a><\/p>\n<p><strong>Presentasjon av verkt\u00f8yene:<\/strong><br \/>\nHer er en kort presentasjon av de viktigste verkt\u00f8yene som ble nevnt: <a title=\"Presentasjon av verkt\u00f8y\" href=\"https:\/\/mix.office.com\/watch\/1ntogish096zp\" target=\"_blank\">https:\/\/mix.office.com\/watch\/1ntogish096zp<\/a><br \/>\nOg her kan dere se presentasjonen som inneholder framgangsm\u00e5ten for noen av verkt\u00f8yene: <a title=\"Presentasjon av del 2\" href=\"https:\/\/uiano-my.sharepoint.com\/personal\/elimd_uia_no\/_layouts\/15\/guestaccess.aspx?guestaccesstoken=zG0rrWim1ThgnNx3z3N7yHHZTJpG%2b43Fm%2fh21%2fR9pJU%3d&amp;docid=1d1fcd23b93894f48802ca07854f61e91&amp;rev=1\" target=\"_blank\">https:\/\/uiano-my.sharepoint.com\/personal\/elimd_uia_no\/_layouts\/15\/guestaccess.aspx?guestaccesstoken=zG0rrWim1ThgnNx3z3N7yHHZTJpG%2b43Fm%2fh21%2fR9pJU%3d&amp;docid=1d1fcd23b93894f48802ca07854f61e91&amp;rev=1<\/a><\/p>\n<p><strong>Oppsummering<\/strong><br \/>\nOppsummering med forslag til ulike verkt\u00f8y:\u00a0<a title=\"Oppsummering\" href=\"http:\/\/prezi.com\/gmdzrjbeszt2\/?utm_campaign=share&amp;utm_medium=copy&amp;rc=ex0share\" target=\"_blank\">http:\/\/prezi.com\/gmdzrjbeszt2\/?utm_campaign=share&amp;utm_medium=copy&amp;rc=ex0share<\/a><\/p>\n","protected":false},"excerpt":{"rendered":"<p>Velkommen til kurs om digitale samarbeidsverkt\u00f8y i fremmedspr\u00e5ksundervisningen p\u00e5 S\u00f8rlandsk l\u00e6rerstevne 21. oktober 2016! Innledning Dere kan pr\u00f8ve \u00e5 skrive notater fra kurset sammen p\u00e5 denne lenken: http:\/\/samskrive.ndla.no\/p\/ZXfiZWSpwy\u00a0&#8211; Dette samskrivingsverkt\u00f8yet heter Etherpad, og dere finner det p\u00e5 NDLAs nettsider:\u00a0http:\/\/samskrive.ndla.no\/ Presentasjon &hellip; <a href=\"https:\/\/home.uia.no\/elimd\/presentasjoner\/samarbeidsverktoy\/\">Les videre <span class=\"meta-nav\">&rarr;<\/span><\/a><\/p>\n","protected":false},"author":58,"featured_media":0,"parent":265,"menu_order":0,"comment_status":"closed","ping_status":"open","template":"","meta":{"_exactmetrics_skip_tracking":false,"_exactmetrics_sitenote_active":false,"_exactmetrics_sitenote_note":"","_exactmetrics_sitenote_category":0,"footnotes":""},"_links":{"self":[{"href":"https:\/\/home.uia.no\/elimd\/wp-json\/wp\/v2\/pages\/267"}],"collection":[{"href":"https:\/\/home.uia.no\/elimd\/wp-json\/wp\/v2\/pages"}],"about":[{"href":"https:\/\/home.uia.no\/elimd\/wp-json\/wp\/v2\/types\/page"}],"author":[{"embeddable":true,"href":"https:\/\/home.uia.no\/elimd\/wp-json\/wp\/v2\/users\/58"}],"replies":[{"embeddable":true,"href":"https:\/\/home.uia.no\/elimd\/wp-json\/wp\/v2\/comments?post=267"}],"version-history":[{"count":15,"href":"https:\/\/home.uia.no\/elimd\/wp-json\/wp\/v2\/pages\/267\/revisions"}],"predecessor-version":[{"id":270,"href":"https:\/\/home.uia.no\/elimd\/wp-json\/wp\/v2\/pages\/267\/revisions\/270"}],"up":[{"embeddable":true,"href":"https:\/\/home.uia.no\/elimd\/wp-json\/wp\/v2\/pages\/265"}],"wp:attachment":[{"href":"https:\/\/home.uia.no\/elimd\/wp-json\/wp\/v2\/media?parent=267"}],"curies":[{"name":"wp","href":"https:\/\/api.w.org\/{rel}","templated":true}]}}