
{"id":16,"date":"2016-08-19T12:24:41","date_gmt":"2016-08-19T11:24:41","guid":{"rendered":"http:\/\/home.uia.no\/jannen14\/?page_id=16"},"modified":"2016-08-29T13:22:32","modified_gmt":"2016-08-29T12:22:32","slug":"oppgave-2","status":"publish","type":"page","link":"https:\/\/home.uia.no\/jannen14\/oppgaver\/oppgave-2\/","title":{"rendered":"Oppgave 1: Time 2"},"content":{"rendered":"<p><span style=\"font-weight: 300\">\u00a0Denne kunden har trent veldig lite overkropp, s\u00e5 dette hadde jeg gledet meg til. Gledet meg til \u00e5 vise henne en del gode \u00f8velser og forh\u00e5pentligvis gi henne motivasjon og glede av \u00e5 trene overkropp ogs\u00e5, og ikke bare underkropp. \u00a0Viktig \u00e5 trene hele kroppen.\u00a0<\/span><\/p>\n<p>Siden sist gang har jeg tenkt mye p\u00e5 det at jeg m\u00e5 bli mer bevisst p\u00e5 hvordan \u00f8velsen utf\u00f8res, for s\u00e5 \u00e5 vise og forklare dette til kunden p\u00e5 best mulig m\u00e5te.<\/p>\n<p><a href=\"http:\/\/home.uia.no\/jannen14\/files\/2016\/08\/idunn-2-1-slutt.png\"><img loading=\"lazy\" decoding=\"async\" class=\"alignnone size-medium wp-image-60\" src=\"http:\/\/home.uia.no\/jannen14\/files\/2016\/08\/idunn-2-1-slutt-168x300.png\" alt=\"\" width=\"168\" height=\"300\" srcset=\"https:\/\/home.uia.no\/jannen14\/files\/2016\/08\/idunn-2-1-slutt-168x300.png 168w, https:\/\/home.uia.no\/jannen14\/files\/2016\/08\/idunn-2-1-slutt-576x1024.png 576w, https:\/\/home.uia.no\/jannen14\/files\/2016\/08\/idunn-2-1-slutt-281x500.png 281w, https:\/\/home.uia.no\/jannen14\/files\/2016\/08\/idunn-2-1-slutt.png 1440w\" sizes=\"(max-width: 168px) 100vw, 168px\" \/><\/a><a href=\"http:\/\/home.uia.no\/jannen14\/files\/2016\/08\/idunn-2-2-slutt.png\"><img loading=\"lazy\" decoding=\"async\" class=\"alignnone size-medium wp-image-61\" src=\"http:\/\/home.uia.no\/jannen14\/files\/2016\/08\/idunn-2-2-slutt-168x300.png\" alt=\"\" width=\"168\" height=\"300\" srcset=\"https:\/\/home.uia.no\/jannen14\/files\/2016\/08\/idunn-2-2-slutt-168x300.png 168w, https:\/\/home.uia.no\/jannen14\/files\/2016\/08\/idunn-2-2-slutt-576x1024.png 576w, https:\/\/home.uia.no\/jannen14\/files\/2016\/08\/idunn-2-2-slutt-281x500.png 281w, https:\/\/home.uia.no\/jannen14\/files\/2016\/08\/idunn-2-2-slutt.png 1440w\" sizes=\"(max-width: 168px) 100vw, 168px\" \/><\/a><\/p>\n","protected":false},"excerpt":{"rendered":"<p>\u00a0Denne kunden har trent veldig lite overkropp, s\u00e5 dette hadde jeg gledet meg til. Gledet meg til \u00e5 vise henne en del gode \u00f8velser og forh\u00e5pentligvis gi henne motivasjon og glede av \u00e5 trene overkropp ogs\u00e5, og ikke bare underkropp. &hellip; <a href=\"https:\/\/home.uia.no\/jannen14\/oppgaver\/oppgave-2\/\">Les videre <span class=\"meta-nav\">&rarr;<\/span><\/a><\/p>\n","protected":false},"author":1099,"featured_media":0,"parent":7,"menu_order":0,"comment_status":"closed","ping_status":"closed","template":"","meta":{"_exactmetrics_skip_tracking":false,"_exactmetrics_sitenote_active":false,"_exactmetrics_sitenote_note":"","_exactmetrics_sitenote_category":0,"footnotes":""},"_links":{"self":[{"href":"https:\/\/home.uia.no\/jannen14\/wp-json\/wp\/v2\/pages\/16"}],"collection":[{"href":"https:\/\/home.uia.no\/jannen14\/wp-json\/wp\/v2\/pages"}],"about":[{"href":"https:\/\/home.uia.no\/jannen14\/wp-json\/wp\/v2\/types\/page"}],"author":[{"embeddable":true,"href":"https:\/\/home.uia.no\/jannen14\/wp-json\/wp\/v2\/users\/1099"}],"replies":[{"embeddable":true,"href":"https:\/\/home.uia.no\/jannen14\/wp-json\/wp\/v2\/comments?post=16"}],"version-history":[{"count":7,"href":"https:\/\/home.uia.no\/jannen14\/wp-json\/wp\/v2\/pages\/16\/revisions"}],"predecessor-version":[{"id":32,"href":"https:\/\/home.uia.no\/jannen14\/wp-json\/wp\/v2\/pages\/16\/revisions\/32"}],"up":[{"embeddable":true,"href":"https:\/\/home.uia.no\/jannen14\/wp-json\/wp\/v2\/pages\/7"}],"wp:attachment":[{"href":"https:\/\/home.uia.no\/jannen14\/wp-json\/wp\/v2\/media?parent=16"}],"curies":[{"name":"wp","href":"https:\/\/api.w.org\/{rel}","templated":true}]}}