
{"id":95,"date":"2016-10-03T17:06:29","date_gmt":"2016-10-03T16:06:29","guid":{"rendered":"http:\/\/home.uia.no\/jannen14\/?page_id=95"},"modified":"2016-10-19T10:15:46","modified_gmt":"2016-10-19T09:15:46","slug":"time-4","status":"publish","type":"page","link":"https:\/\/home.uia.no\/jannen14\/idr-130\/time-4\/","title":{"rendered":"Time 4"},"content":{"rendered":"<p>Dette var andre og siste timen med styrketrening med denne kunden. Denne gangen kj\u00f8rte vi da 3 sett og ca 10 reps fordi n\u00e5 har kunden blitt bedre kjent med \u00f8velsene og gjennomg\u00e5tt de en gang og kan derfor kj\u00f8re p\u00e5 med flere sett og heller litt tyngre belastning. Vi kj\u00f8rer akkurat det samme programmet som ligger inn p\u00e5 time 2, men som sagt med endring av sett og repetisjoner. Tilf\u00f8yer ogs\u00e5 noen ekstra \u00f8velser.<\/p>\n<p>Som jeg forklarte kunden s\u00e5 er progresjon i slynge ganske greit, man varierer posisjonen enten frem eller tilbake \/opp eller ned alt etter som hvilken \u00f8velse det er snakk om. Jeg viste kunden dette f\u00f8rste gang hvordan man gj\u00f8r hver \u00f8velse enklere og vanskeligere og sa at etter hvert som ho ble sterkere s\u00e5 m\u00e5tte ho flytte posisjonen sin.<\/p>\n<p>Kunden \u00f8nsket etter dette \u00e5 pr\u00f8ve \u00e5 fortsette styrketreningen hjemme, spesielt da i slynga. S\u00e5 jeg gav ho det programmet vi har brukt og lagde ogs\u00e5 et program til med flere \u00f8velser i slynge (som jeg ogs\u00e5 har vist ho i timene) slik at ho kan variere litt.<\/p>\n<p>Tror kunden ble motivert til \u00e5 drive med styrketrening og ogs\u00e5 balansetrening, s\u00e5 tror ho ville kj\u00f8pe seg en balanseball \ud83d\ude09<\/p>\n<p>&nbsp;<\/p>\n","protected":false},"excerpt":{"rendered":"<p>Dette var andre og siste timen med styrketrening med denne kunden. Denne gangen kj\u00f8rte vi da 3 sett og ca 10 reps fordi n\u00e5 har kunden blitt bedre kjent med \u00f8velsene og gjennomg\u00e5tt de en gang og kan derfor kj\u00f8re &hellip; <a href=\"https:\/\/home.uia.no\/jannen14\/idr-130\/time-4\/\">Les videre <span class=\"meta-nav\">&rarr;<\/span><\/a><\/p>\n","protected":false},"author":1099,"featured_media":0,"parent":86,"menu_order":0,"comment_status":"closed","ping_status":"closed","template":"","meta":{"_exactmetrics_skip_tracking":false,"_exactmetrics_sitenote_active":false,"_exactmetrics_sitenote_note":"","_exactmetrics_sitenote_category":0,"footnotes":""},"_links":{"self":[{"href":"https:\/\/home.uia.no\/jannen14\/wp-json\/wp\/v2\/pages\/95"}],"collection":[{"href":"https:\/\/home.uia.no\/jannen14\/wp-json\/wp\/v2\/pages"}],"about":[{"href":"https:\/\/home.uia.no\/jannen14\/wp-json\/wp\/v2\/types\/page"}],"author":[{"embeddable":true,"href":"https:\/\/home.uia.no\/jannen14\/wp-json\/wp\/v2\/users\/1099"}],"replies":[{"embeddable":true,"href":"https:\/\/home.uia.no\/jannen14\/wp-json\/wp\/v2\/comments?post=95"}],"version-history":[{"count":6,"href":"https:\/\/home.uia.no\/jannen14\/wp-json\/wp\/v2\/pages\/95\/revisions"}],"predecessor-version":[{"id":115,"href":"https:\/\/home.uia.no\/jannen14\/wp-json\/wp\/v2\/pages\/95\/revisions\/115"}],"up":[{"embeddable":true,"href":"https:\/\/home.uia.no\/jannen14\/wp-json\/wp\/v2\/pages\/86"}],"wp:attachment":[{"href":"https:\/\/home.uia.no\/jannen14\/wp-json\/wp\/v2\/media?parent=95"}],"curies":[{"name":"wp","href":"https:\/\/api.w.org\/{rel}","templated":true}]}}