
{"id":27,"date":"2022-09-11T20:10:10","date_gmt":"2022-09-11T19:10:10","guid":{"rendered":"https:\/\/home.uia.no\/mkhara01\/?page_id=27"},"modified":"2023-02-12T20:53:39","modified_gmt":"2023-02-12T19:53:39","slug":"digital-valtavle","status":"publish","type":"page","link":"https:\/\/home.uia.no\/mkhara01\/digital-valtavle\/","title":{"rendered":"Digital valtavle"},"content":{"rendered":"\n<figure class=\"wp-block-image size-large\"><img loading=\"lazy\" decoding=\"async\" width=\"1024\" height=\"576\" src=\"https:\/\/home.uia.no\/mkhara01\/files\/2022\/09\/image-1024x576.png\" alt=\"\" class=\"wp-image-29\" srcset=\"https:\/\/home.uia.no\/mkhara01\/files\/2022\/09\/image-1024x576.png 1024w, https:\/\/home.uia.no\/mkhara01\/files\/2022\/09\/image-300x169.png 300w, https:\/\/home.uia.no\/mkhara01\/files\/2022\/09\/image-768x432.png 768w, https:\/\/home.uia.no\/mkhara01\/files\/2022\/09\/image-400x225.png 400w, https:\/\/home.uia.no\/mkhara01\/files\/2022\/09\/image-1536x864.png 1536w, https:\/\/home.uia.no\/mkhara01\/files\/2022\/09\/image-500x281.png 500w, https:\/\/home.uia.no\/mkhara01\/files\/2022\/09\/image.png 1920w\" sizes=\"(max-width: 1024px) 100vw, 1024px\" \/><\/figure>\n\n\n\n<p>Jeopardy med tema fr\u00e5 samfunnsfag 10. klasse<\/p>\n\n\n\n<p>Tema den siste tida var kriminalitet. Dei to fyrste kategoriane speglar dette. Dei siste kategoreiane var meint som repetisjon, samt frampeik til tema seinare. Eg kj\u00f8rte dette framf\u00f8re heile klassen, og dei som ville delta rakk opp handa. Det endte med at dei fleste fekk velge ein kategori og deltok. Elevane tykte det g\u00f8yaste med opplegget var stemmene eg hadde lese inn under kategoriane&#8230; Sj\u00f8lve powerpointen fant eg p\u00e5 nettet, men m\u00e5tte bruke ein del timer p\u00e5 \u00e5 f\u00e5 det slik eg ville ha det.<\/p>\n\n\n\n<figure class=\"wp-block-image size-large\"><img loading=\"lazy\" decoding=\"async\" width=\"1024\" height=\"579\" src=\"https:\/\/home.uia.no\/mkhara01\/files\/2022\/09\/image-1-1024x579.png\" alt=\"\" class=\"wp-image-41\" srcset=\"https:\/\/home.uia.no\/mkhara01\/files\/2022\/09\/image-1-1024x579.png 1024w, https:\/\/home.uia.no\/mkhara01\/files\/2022\/09\/image-1-300x170.png 300w, https:\/\/home.uia.no\/mkhara01\/files\/2022\/09\/image-1-768x434.png 768w, https:\/\/home.uia.no\/mkhara01\/files\/2022\/09\/image-1-400x226.png 400w, https:\/\/home.uia.no\/mkhara01\/files\/2022\/09\/image-1-500x283.png 500w, https:\/\/home.uia.no\/mkhara01\/files\/2022\/09\/image-1.png 1424w\" sizes=\"(max-width: 1024px) 100vw, 1024px\" \/><\/figure>\n\n\n\n<figure class=\"wp-block-image size-large\"><img loading=\"lazy\" decoding=\"async\" width=\"1024\" height=\"577\" src=\"https:\/\/home.uia.no\/mkhara01\/files\/2022\/09\/image-2-1024x577.png\" alt=\"\" class=\"wp-image-43\" srcset=\"https:\/\/home.uia.no\/mkhara01\/files\/2022\/09\/image-2-1024x577.png 1024w, https:\/\/home.uia.no\/mkhara01\/files\/2022\/09\/image-2-300x169.png 300w, https:\/\/home.uia.no\/mkhara01\/files\/2022\/09\/image-2-768x433.png 768w, https:\/\/home.uia.no\/mkhara01\/files\/2022\/09\/image-2-400x225.png 400w, https:\/\/home.uia.no\/mkhara01\/files\/2022\/09\/image-2-500x282.png 500w, https:\/\/home.uia.no\/mkhara01\/files\/2022\/09\/image-2.png 1423w\" sizes=\"(max-width: 1024px) 100vw, 1024px\" \/><\/figure>\n","protected":false},"excerpt":{"rendered":"<p>Jeopardy med tema fr\u00e5 samfunnsfag 10. klasse Tema den siste tida var kriminalitet. Dei to fyrste kategoriane speglar dette. Dei siste kategoreiane var meint som repetisjon, samt frampeik til tema seinare. Eg kj\u00f8rte dette framf\u00f8re heile klassen, og dei som &hellip; <a href=\"https:\/\/home.uia.no\/mkhara01\/digital-valtavle\/\">Les videre <span class=\"meta-nav\">&rarr;<\/span><\/a><\/p>\n","protected":false},"author":3501,"featured_media":0,"parent":0,"menu_order":0,"comment_status":"open","ping_status":"closed","template":"","meta":{"_exactmetrics_skip_tracking":false,"_exactmetrics_sitenote_active":false,"_exactmetrics_sitenote_note":"","_exactmetrics_sitenote_category":0,"footnotes":""},"_links":{"self":[{"href":"https:\/\/home.uia.no\/mkhara01\/wp-json\/wp\/v2\/pages\/27"}],"collection":[{"href":"https:\/\/home.uia.no\/mkhara01\/wp-json\/wp\/v2\/pages"}],"about":[{"href":"https:\/\/home.uia.no\/mkhara01\/wp-json\/wp\/v2\/types\/page"}],"author":[{"embeddable":true,"href":"https:\/\/home.uia.no\/mkhara01\/wp-json\/wp\/v2\/users\/3501"}],"replies":[{"embeddable":true,"href":"https:\/\/home.uia.no\/mkhara01\/wp-json\/wp\/v2\/comments?post=27"}],"version-history":[{"count":3,"href":"https:\/\/home.uia.no\/mkhara01\/wp-json\/wp\/v2\/pages\/27\/revisions"}],"predecessor-version":[{"id":45,"href":"https:\/\/home.uia.no\/mkhara01\/wp-json\/wp\/v2\/pages\/27\/revisions\/45"}],"wp:attachment":[{"href":"https:\/\/home.uia.no\/mkhara01\/wp-json\/wp\/v2\/media?parent=27"}],"curies":[{"name":"wp","href":"https:\/\/api.w.org\/{rel}","templated":true}]}}