
{"id":9,"date":"2022-09-11T20:02:10","date_gmt":"2022-09-11T19:02:10","guid":{"rendered":"https:\/\/home.uia.no\/mkhara01\/?page_id=9"},"modified":"2022-09-18T20:22:56","modified_gmt":"2022-09-18T19:22:56","slug":"9-2","status":"publish","type":"page","link":"https:\/\/home.uia.no\/mkhara01\/","title":{"rendered":"Jau"},"content":{"rendered":"\n<h2 class=\"wp-block-heading\"><\/h2>\n\n\n\n<p>Dette skal alts\u00e5 vere ein blogg for \u00e5 undervegs skildre korleis dei ulike oppdraga i studiet g\u00e5r. Det kan g\u00e5 godt eller det kan g\u00e5 d\u00e5rleg.<\/p>\n\n\n\n<p><\/p>\n\n\n\n<p>Etter \u00e5 ha arbeid som l\u00e6rer i ungdomsskulen i snart 14 \u00e5r er det einaste eg veit sikkert at ting som regel ikkje g\u00e5r slik ein har planlagt det.  <\/p>\n","protected":false},"excerpt":{"rendered":"<p>Dette skal alts\u00e5 vere ein blogg for \u00e5 undervegs skildre korleis dei ulike oppdraga i studiet g\u00e5r. Det kan g\u00e5 godt eller det kan g\u00e5 d\u00e5rleg. Etter \u00e5 ha arbeid som l\u00e6rer i ungdomsskulen i snart 14 \u00e5r er det &hellip; <a href=\"https:\/\/home.uia.no\/mkhara01\/\">Les videre <span class=\"meta-nav\">&rarr;<\/span><\/a><\/p>\n","protected":false},"author":3501,"featured_media":0,"parent":0,"menu_order":0,"comment_status":"open","ping_status":"closed","template":"","meta":{"_exactmetrics_skip_tracking":false,"_exactmetrics_sitenote_active":false,"_exactmetrics_sitenote_note":"","_exactmetrics_sitenote_category":0,"footnotes":""},"_links":{"self":[{"href":"https:\/\/home.uia.no\/mkhara01\/wp-json\/wp\/v2\/pages\/9"}],"collection":[{"href":"https:\/\/home.uia.no\/mkhara01\/wp-json\/wp\/v2\/pages"}],"about":[{"href":"https:\/\/home.uia.no\/mkhara01\/wp-json\/wp\/v2\/types\/page"}],"author":[{"embeddable":true,"href":"https:\/\/home.uia.no\/mkhara01\/wp-json\/wp\/v2\/users\/3501"}],"replies":[{"embeddable":true,"href":"https:\/\/home.uia.no\/mkhara01\/wp-json\/wp\/v2\/comments?post=9"}],"version-history":[{"count":6,"href":"https:\/\/home.uia.no\/mkhara01\/wp-json\/wp\/v2\/pages\/9\/revisions"}],"predecessor-version":[{"id":47,"href":"https:\/\/home.uia.no\/mkhara01\/wp-json\/wp\/v2\/pages\/9\/revisions\/47"}],"wp:attachment":[{"href":"https:\/\/home.uia.no\/mkhara01\/wp-json\/wp\/v2\/media?parent=9"}],"curies":[{"name":"wp","href":"https:\/\/api.w.org\/{rel}","templated":true}]}}