
{"id":39,"date":"2021-11-02T19:52:50","date_gmt":"2021-11-02T18:52:50","guid":{"rendered":"http:\/\/home.uia.no\/ninahs\/?page_id=39"},"modified":"2021-11-02T19:52:50","modified_gmt":"2021-11-02T18:52:50","slug":"jeg-er-nina","status":"publish","type":"page","link":"https:\/\/home.uia.no\/ninahs\/jeg-er-nina\/","title":{"rendered":"Jeg er Nina"},"content":{"rendered":"<p><img loading=\"lazy\" decoding=\"async\" class=\"size-medium wp-image-37 alignleft\" src=\"http:\/\/home.uia.no\/ninahs\/files\/2021\/11\/IMG_2912-169x300.jpg\" alt=\"\" width=\"169\" height=\"300\" srcset=\"https:\/\/home.uia.no\/ninahs\/files\/2021\/11\/IMG_2912-169x300.jpg 169w, https:\/\/home.uia.no\/ninahs\/files\/2021\/11\/IMG_2912-576x1024.jpg 576w, https:\/\/home.uia.no\/ninahs\/files\/2021\/11\/IMG_2912-281x500.jpg 281w, https:\/\/home.uia.no\/ninahs\/files\/2021\/11\/IMG_2912.jpg 750w\" sizes=\"(max-width: 169px) 100vw, 169px\" \/><\/p>\n<p>Jeg er mamma til tre barn p\u00e5 2, 8 og 11 \u00e5r.<br \/>\nStuderer f\u00f8rste \u00e5ret av Skolebibliotekkunnskap&raquo; i \u00e5r, i tillegg til &laquo;Skolebiblioteket i fagfornyelsen&raquo;. Jobber som avdelingsleder p\u00e5 en 1-10-skole med et kombinasjonsbibliotek i samme bygg.<br \/>\nHar 30 % undervisning p\u00e5 1. trinn i \u00e5r, og benytter anledningen til \u00e5 lese h\u00f8yt for elevene, b\u00e5de i forbindelse med bibliotekbes\u00f8k og ellers i l\u00f8pet av dagen.<\/p>\n<p>Bloggen er del av obligatoriske oppgaver i studiene, og vil innleggene vil fortrinnsvis v\u00e6re svar p\u00e5 oppgaver.<\/p>\n","protected":false},"excerpt":{"rendered":"<p>Jeg er mamma til tre barn p\u00e5 2, 8 og 11 \u00e5r. Studerer f\u00f8rste \u00e5ret av Skolebibliotekkunnskap&raquo; i \u00e5r, i tillegg til &laquo;Skolebiblioteket i fagfornyelsen&raquo;. Jobber som avdelingsleder p\u00e5 en 1-10-skole med et kombinasjonsbibliotek i samme bygg. Har 30 % &hellip; <a href=\"https:\/\/home.uia.no\/ninahs\/jeg-er-nina\/\">Continue reading <span class=\"meta-nav\">&rarr;<\/span><\/a><\/p>\n","protected":false},"author":3156,"featured_media":0,"parent":0,"menu_order":0,"comment_status":"closed","ping_status":"closed","template":"","meta":{"_exactmetrics_skip_tracking":false,"_exactmetrics_sitenote_active":false,"_exactmetrics_sitenote_note":"","_exactmetrics_sitenote_category":0,"footnotes":""},"_links":{"self":[{"href":"https:\/\/home.uia.no\/ninahs\/wp-json\/wp\/v2\/pages\/39"}],"collection":[{"href":"https:\/\/home.uia.no\/ninahs\/wp-json\/wp\/v2\/pages"}],"about":[{"href":"https:\/\/home.uia.no\/ninahs\/wp-json\/wp\/v2\/types\/page"}],"author":[{"embeddable":true,"href":"https:\/\/home.uia.no\/ninahs\/wp-json\/wp\/v2\/users\/3156"}],"replies":[{"embeddable":true,"href":"https:\/\/home.uia.no\/ninahs\/wp-json\/wp\/v2\/comments?post=39"}],"version-history":[{"count":1,"href":"https:\/\/home.uia.no\/ninahs\/wp-json\/wp\/v2\/pages\/39\/revisions"}],"predecessor-version":[{"id":41,"href":"https:\/\/home.uia.no\/ninahs\/wp-json\/wp\/v2\/pages\/39\/revisions\/41"}],"wp:attachment":[{"href":"https:\/\/home.uia.no\/ninahs\/wp-json\/wp\/v2\/media?parent=39"}],"curies":[{"name":"wp","href":"https:\/\/api.w.org\/{rel}","templated":true}]}}