
{"id":467,"date":"2015-06-07T12:13:50","date_gmt":"2015-06-07T11:13:50","guid":{"rendered":"http:\/\/home.uia.no\/osvalg14\/?page_id=467"},"modified":"2015-06-08T17:14:04","modified_gmt":"2015-06-08T16:14:04","slug":"kindegarten-of-bragdoya-observation-task","status":"publish","type":"page","link":"https:\/\/home.uia.no\/osvalg14\/assigments\/kindegarten-of-bragdoya-observation-task\/","title":{"rendered":"Kindegarten of Bragd\u00f8ya observation task"},"content":{"rendered":"<p><strong>2015\/03\/09<\/strong><\/p>\n<p>Well this day we had a task to make a observation of childrens whose attending kindegarten in Bragd\u00f8ya &#8216;s island.<br \/>\nFirst of all some information:<br \/>\n<a href=\"http:\/\/home.uia.no\/osvalg14\/files\/2015\/06\/BragdyaVar.jpg\"><img loading=\"lazy\" decoding=\"async\" class=\"alignright size-medium wp-image-516\" src=\"http:\/\/home.uia.no\/osvalg14\/files\/2015\/06\/BragdyaVar-300x200.jpg\" alt=\"\" width=\"300\" height=\"200\" srcset=\"https:\/\/home.uia.no\/osvalg14\/files\/2015\/06\/BragdyaVar-300x200.jpg 300w, https:\/\/home.uia.no\/osvalg14\/files\/2015\/06\/BragdyaVar.jpg 400w\" sizes=\"(max-width: 300px) 100vw, 300px\" \/><\/a>Bragd\u00f8ya\u00a0is an island in Kristiansand Fjord in Kristiansand\u00a0municipality in Sauthern Norway. The island is owned by the municipality of Kristiansand who bought it in 1969 with a government grant as a public open space. This with the proviso that the islands would be a recreation of the city. It has for centuries been inhabitors Bragd\u00f8ya. &#8220;Siffuord Bragd\u00f8en&#8221; is mentioned in written sources as owner from 1610 and onwards. Nowaday Bragd\u00f8ya also is a kindegarten for 2-6 years old childrens.<\/p>\n<blockquote>\n<p style=\"text-align: center\"><a href=\"http:\/\/home.uia.no\/osvalg14\/files\/2015\/06\/WP_20150310_005.jpg\"><img loading=\"lazy\" decoding=\"async\" class=\"alignleft size-thumbnail wp-image-518\" src=\"http:\/\/home.uia.no\/osvalg14\/files\/2015\/06\/WP_20150310_005-150x150.jpg\" alt=\"\" width=\"150\" height=\"150\" srcset=\"https:\/\/home.uia.no\/osvalg14\/files\/2015\/06\/WP_20150310_005-150x150.jpg 150w, https:\/\/home.uia.no\/osvalg14\/files\/2015\/06\/WP_20150310_005-50x50.jpg 50w\" sizes=\"(max-width: 150px) 100vw, 150px\" \/><\/a>So trip started at 10:00 , we took a boat because it&#8217;s an island and it&#8217;s the easiest way to go there.\u00a0<span style=\"font-family: Georgia, 'Bitstream Charter', serif;font-style: italic\">This trip was different because we were without our lecture Len.<\/span><\/p>\n<\/blockquote>\n<p><a href=\"http:\/\/home.uia.no\/osvalg14\/files\/2015\/06\/IMG_4302.jpg\"><img loading=\"lazy\" decoding=\"async\" class=\"alignright size-medium wp-image-489\" src=\"http:\/\/home.uia.no\/osvalg14\/files\/2015\/06\/IMG_4302-300x200.jpg\" alt=\"\" width=\"300\" height=\"200\" srcset=\"https:\/\/home.uia.no\/osvalg14\/files\/2015\/06\/IMG_4302-300x200.jpg 300w, https:\/\/home.uia.no\/osvalg14\/files\/2015\/06\/IMG_4302-1024x682.jpg 1024w, https:\/\/home.uia.no\/osvalg14\/files\/2015\/06\/IMG_4302-400x266.jpg 400w, https:\/\/home.uia.no\/osvalg14\/files\/2015\/06\/IMG_4302-450x300.jpg 450w\" sizes=\"(max-width: 300px) 100vw, 300px\" \/><\/a>First of all, i wanted to observe the island by doing hike, but it was not so easy because I was still after my injury so all trip i hiked with crutches and the terrain was very steap and slipery.But all in all, I really enjoy the landscape of this island.<\/p>\n<p>&nbsp;<\/p>\n<p><a href=\"http:\/\/home.uia.no\/osvalg14\/files\/2015\/06\/IMG_4323.jpg\"><img loading=\"lazy\" decoding=\"async\" class=\"alignleft size-medium wp-image-519\" src=\"http:\/\/home.uia.no\/osvalg14\/files\/2015\/06\/IMG_4323-300x200.jpg\" alt=\"\" width=\"300\" height=\"200\" srcset=\"https:\/\/home.uia.no\/osvalg14\/files\/2015\/06\/IMG_4323-300x200.jpg 300w, https:\/\/home.uia.no\/osvalg14\/files\/2015\/06\/IMG_4323-1024x682.jpg 1024w, https:\/\/home.uia.no\/osvalg14\/files\/2015\/06\/IMG_4323-400x266.jpg 400w, https:\/\/home.uia.no\/osvalg14\/files\/2015\/06\/IMG_4323-450x300.jpg 450w\" sizes=\"(max-width: 300px) 100vw, 300px\" \/><\/a><\/p>\n<p>During the hike I saw a lot of interesting things in this island like a sheeps with a bells- it was kind unussual to me because these sheeps was avaible to go wherever they want. It looks that they rule the island.<br \/>\nAlso it was interesting to see the\u00a0teepees and other chelters, I think it is very good place for childrens to play hide and seek.<br \/>\n<a href=\"http:\/\/home.uia.no\/osvalg14\/files\/2015\/06\/IMG_4362.jpg\"><img loading=\"lazy\" decoding=\"async\" class=\"alignleft size-thumbnail wp-image-512\" src=\"http:\/\/home.uia.no\/osvalg14\/files\/2015\/06\/IMG_4362-150x150.jpg\" alt=\"\" width=\"150\" height=\"150\" srcset=\"https:\/\/home.uia.no\/osvalg14\/files\/2015\/06\/IMG_4362-150x150.jpg 150w, https:\/\/home.uia.no\/osvalg14\/files\/2015\/06\/IMG_4362-50x50.jpg 50w\" sizes=\"(max-width: 150px) 100vw, 150px\" \/><\/a><a href=\"http:\/\/home.uia.no\/osvalg14\/files\/2015\/06\/IMG_4361.jpg\"><img loading=\"lazy\" decoding=\"async\" class=\"alignleft size-thumbnail wp-image-511\" src=\"http:\/\/home.uia.no\/osvalg14\/files\/2015\/06\/IMG_4361-150x150.jpg\" alt=\"\" width=\"150\" height=\"150\" srcset=\"https:\/\/home.uia.no\/osvalg14\/files\/2015\/06\/IMG_4361-150x150.jpg 150w, https:\/\/home.uia.no\/osvalg14\/files\/2015\/06\/IMG_4361-50x50.jpg 50w\" sizes=\"(max-width: 150px) 100vw, 150px\" \/><\/a><a href=\"http:\/\/home.uia.no\/osvalg14\/files\/2015\/06\/IMG_4359.jpg\"><img loading=\"lazy\" decoding=\"async\" class=\"alignleft size-thumbnail wp-image-510\" src=\"http:\/\/home.uia.no\/osvalg14\/files\/2015\/06\/IMG_4359-150x150.jpg\" alt=\"\" width=\"150\" height=\"150\" srcset=\"https:\/\/home.uia.no\/osvalg14\/files\/2015\/06\/IMG_4359-150x150.jpg 150w, https:\/\/home.uia.no\/osvalg14\/files\/2015\/06\/IMG_4359-50x50.jpg 50w\" sizes=\"(max-width: 150px) 100vw, 150px\" \/><\/a><\/p>\n<p>&nbsp;<\/p>\n<p>My observations:<\/p>\n<p>-Outdoor kindergarten is based on learning by doing.<\/p>\n<p>-Age: children age are from 2 to 6 years old.<\/p>\n<p>-Area: They can explore and walk all around the island but they should be at least 2 kids. They can do whatever they want climbing up trees, boulders and even fight but they can&#8217;t fight using sticks or rocks.<\/p>\n<p>-Teachers: There is two teachers who try to not influence the kids and their games. But sometimes when they suspect that is too risky, they intervene and awarn them. Also teachers reading a fairytales, making a excursions around the island, singing a songs.<\/p>\n<p>-counting: they count each other at least ten times a day.<\/p>\n<p><a href=\"http:\/\/home.uia.no\/osvalg14\/files\/2015\/06\/IMG_4343.jpg\"><img loading=\"lazy\" decoding=\"async\" class=\"alignright size-medium wp-image-520\" src=\"http:\/\/home.uia.no\/osvalg14\/files\/2015\/06\/IMG_4343-300x200.jpg\" alt=\"\" width=\"300\" height=\"200\" srcset=\"https:\/\/home.uia.no\/osvalg14\/files\/2015\/06\/IMG_4343-300x200.jpg 300w, https:\/\/home.uia.no\/osvalg14\/files\/2015\/06\/IMG_4343-1024x682.jpg 1024w, https:\/\/home.uia.no\/osvalg14\/files\/2015\/06\/IMG_4343-400x266.jpg 400w, https:\/\/home.uia.no\/osvalg14\/files\/2015\/06\/IMG_4343-450x300.jpg 450w\" sizes=\"(max-width: 300px) 100vw, 300px\" \/><\/a>-Toys: the children don&#8217;t have any fancy toys from supermarkets, the only toys what they can have it is the toys that they made by themselves or found in the island. They playing hide and seek, they palying the game that they need to go into the boat and wear lifesaving jackets. Also they have swings and other playground stuff.<br \/>\n<a href=\"http:\/\/home.uia.no\/osvalg14\/files\/2015\/06\/IMG_4354.jpg\"><img loading=\"lazy\" decoding=\"async\" class=\"alignright size-large wp-image-485\" src=\"http:\/\/home.uia.no\/osvalg14\/files\/2015\/06\/IMG_4354-1024x682.jpg\" alt=\"\" width=\"584\" height=\"388\" srcset=\"https:\/\/home.uia.no\/osvalg14\/files\/2015\/06\/IMG_4354-1024x682.jpg 1024w, https:\/\/home.uia.no\/osvalg14\/files\/2015\/06\/IMG_4354-300x200.jpg 300w, https:\/\/home.uia.no\/osvalg14\/files\/2015\/06\/IMG_4354-400x266.jpg 400w, https:\/\/home.uia.no\/osvalg14\/files\/2015\/06\/IMG_4354-450x300.jpg 450w\" sizes=\"(max-width: 584px) 100vw, 584px\" \/><\/a><a href=\"http:\/\/home.uia.no\/osvalg14\/files\/2015\/06\/IMG_4346.jpg\"><img loading=\"lazy\" decoding=\"async\" class=\"alignright size-large wp-image-486\" src=\"http:\/\/home.uia.no\/osvalg14\/files\/2015\/06\/IMG_4346-1024x682.jpg\" alt=\"\" width=\"584\" height=\"388\" srcset=\"https:\/\/home.uia.no\/osvalg14\/files\/2015\/06\/IMG_4346-1024x682.jpg 1024w, https:\/\/home.uia.no\/osvalg14\/files\/2015\/06\/IMG_4346-300x200.jpg 300w, https:\/\/home.uia.no\/osvalg14\/files\/2015\/06\/IMG_4346-400x266.jpg 400w, https:\/\/home.uia.no\/osvalg14\/files\/2015\/06\/IMG_4346-450x300.jpg 450w\" sizes=\"(max-width: 584px) 100vw, 584px\" \/><\/a><\/p>\n<p><a href=\"http:\/\/home.uia.no\/osvalg14\/files\/2015\/06\/a.jpg\"><img loading=\"lazy\" decoding=\"async\" class=\"alignright size-large wp-image-487\" src=\"http:\/\/home.uia.no\/osvalg14\/files\/2015\/06\/a-1024x682.jpg\" alt=\"\" width=\"584\" height=\"388\" srcset=\"https:\/\/home.uia.no\/osvalg14\/files\/2015\/06\/a-1024x682.jpg 1024w, https:\/\/home.uia.no\/osvalg14\/files\/2015\/06\/a-300x200.jpg 300w, https:\/\/home.uia.no\/osvalg14\/files\/2015\/06\/a-400x266.jpg 400w, https:\/\/home.uia.no\/osvalg14\/files\/2015\/06\/a-450x300.jpg 450w\" sizes=\"(max-width: 584px) 100vw, 584px\" \/><\/a><\/p>\n<h3><strong>Comparing to Lithuania(2008)<br \/>\n<\/strong><strong><br \/>\n<\/strong><\/h3>\n<p>An important aspect is to understand Lithuanian situation, with the school system in its present form being only 17 years old, following independence in 1991. A lot of the present education professionals had experience of the previous Soviet system so first of all they needed to reorganise all system, change thebei curriculum, and focus on children and families.<\/p>\n<p>Lithuanian children stay with the same teachers and group of children for up to four years. One kindergarten group has a teacher and an assistant for a maximum of 20 children.<\/p>\n<p>Lithuanian kindergartens use a variety of curricula: groups following, Steiner, Montessori, \u2018Step by Step\u2019 as well as some Lithuanian programmes. Kindergartens do not teach reading or writing (the same in Norway), but have a focus on personal and social development: music, drama, oral and story telling skills, physical development, and motor skills developed through a wide range of art and craft activities.<\/p>\n<p>Each class group had a cloakroom with seats and lockers, a large bright teaching room and a room with beds. All kindergartens have a hall, for music and physical education and extensive grounds with fixed outdoor equipment. Kindergartens have a specialist music teacher, with children having 2 lessons a week. The extended time spent on learning through play and on developing personal social and emotional skills seems to equip the children more suitably for a formal education when they leave kindergarten for primary school.<br \/>\nRegrettably children do not spend so much time outside as in Norwegian kindergartens. Lithuanian kids are going outside just then the weather is good and spent there few hours a day. But they are not going out to nature. They stay inside kindergarten fence there they have fixed playing equipment. So they can not develop thebei relationship with nature and enjoy time in it.<\/p>\n<p>List of refference:<br \/>\nhttp:\/\/mokslodarbai.lt\/analize\/kindergarten-rehabilitation-lithuania?page=2<\/p>\n","protected":false},"excerpt":{"rendered":"<p>2015\/03\/09 Well this day we had a task to make a observation of childrens whose attending kindegarten in Bragd\u00f8ya &#8216;s island. First of all some information: Bragd\u00f8ya\u00a0is an island in Kristiansand Fjord in Kristiansand\u00a0municipality in Sauthern Norway. The island is &hellip; <a href=\"https:\/\/home.uia.no\/osvalg14\/assigments\/kindegarten-of-bragdoya-observation-task\/\">Continue reading <span class=\"meta-nav\">&rarr;<\/span><\/a><\/p>\n","protected":false},"author":623,"featured_media":0,"parent":4,"menu_order":0,"comment_status":"closed","ping_status":"closed","template":"","meta":{"_exactmetrics_skip_tracking":false,"_exactmetrics_sitenote_active":false,"_exactmetrics_sitenote_note":"","_exactmetrics_sitenote_category":0,"footnotes":""},"_links":{"self":[{"href":"https:\/\/home.uia.no\/osvalg14\/wp-json\/wp\/v2\/pages\/467"}],"collection":[{"href":"https:\/\/home.uia.no\/osvalg14\/wp-json\/wp\/v2\/pages"}],"about":[{"href":"https:\/\/home.uia.no\/osvalg14\/wp-json\/wp\/v2\/types\/page"}],"author":[{"embeddable":true,"href":"https:\/\/home.uia.no\/osvalg14\/wp-json\/wp\/v2\/users\/623"}],"replies":[{"embeddable":true,"href":"https:\/\/home.uia.no\/osvalg14\/wp-json\/wp\/v2\/comments?post=467"}],"version-history":[{"count":16,"href":"https:\/\/home.uia.no\/osvalg14\/wp-json\/wp\/v2\/pages\/467\/revisions"}],"predecessor-version":[{"id":578,"href":"https:\/\/home.uia.no\/osvalg14\/wp-json\/wp\/v2\/pages\/467\/revisions\/578"}],"up":[{"embeddable":true,"href":"https:\/\/home.uia.no\/osvalg14\/wp-json\/wp\/v2\/pages\/4"}],"wp:attachment":[{"href":"https:\/\/home.uia.no\/osvalg14\/wp-json\/wp\/v2\/media?parent=467"}],"curies":[{"name":"wp","href":"https:\/\/api.w.org\/{rel}","templated":true}]}}