
{"id":29,"date":"2016-08-21T13:58:59","date_gmt":"2016-08-21T12:58:59","guid":{"rendered":"http:\/\/home.uia.no\/pertb14\/?page_id=29"},"modified":"2016-09-13T20:55:04","modified_gmt":"2016-09-13T19:55:04","slug":"time-1","status":"publish","type":"page","link":"https:\/\/home.uia.no\/pertb14\/oppgaver\/idr-129\/kunde-2\/time-1\/","title":{"rendered":"Time 1"},"content":{"rendered":"<p><span style=\"font-weight: 300\">\u00d8kt 1 ble gjennomf\u00f8rt p\u00e5 Spicheren Fitnessenter 26. August<\/span><\/p>\n<p><span style=\"text-decoration: underline\">Kunde 2<br \/>\n<\/span>Alder: 23<br \/>\nKj\u00f8nn: Mann<br \/>\nYrke: Student<br \/>\nSivilstand: Singel<br \/>\nTid\/tilgjengelighet: Har en fleksibel timeplan som gir mye ledig tid p\u00e5 dagtid. \u00d8nsker prim\u00e6rt ikke trening p\u00e5 ettermiddag\/kveld.<br \/>\nKundens m\u00e5lsetting: \u00d8nsker \u00e5 best\u00e5 opptakskravene p\u00e5 politih\u00f8gskolen.<\/p>\n<p><strong>Treningsbakgrunn<br \/>\n<\/strong>Kunden er hverdagsaktiv og har drevet med fotball s\u00e5 \u00e5 si hele livet. Bruker ogs\u00e5 noe tid p\u00e5 tur og i fjellet. Kunden ser frem mot neste studie\u00e5r da han muligens \u00f8nsker \u00e5 s\u00f8ke politih\u00f8yskolen. Han har liten til ingen er faring med styrketrening og sier selv at han kan regnes som nybegynner p\u00e5 dette feltet. P\u00e5 fritiden spiller han fotball et par ganger i uka, og er ellers som studenter flest. Han har mye tid p\u00e5 dagtid, p\u00e5 grunn av en timeplan med mye tomrom mellom forelesninger. Han \u00f8nsker \u00e5 benytte disse til treningen.<\/p>\n<p>Opptakskravene til politih\u00f8yskolen er flerdelt. Av meg som PT, \u00f8nsker han hjelp til benkpress og kroppshev i bom. Han \u00f8nsker \u00e5 trene sv\u00f8mming og l\u00f8ping p\u00e5 egenh\u00e5nd. Han ser for seg ca 2 PT-\u00f8kter i uka + en egentrening.<\/p>\n<p>Etter \u00e5 ha tatt en god prat, tok vi turen inn i treningssenteret og s\u00e5 p\u00e5 de ulike fasilitetene. Kunden var positiv og ser frem til \u00e5 komme igang med treningen<\/p>\n","protected":false},"excerpt":{"rendered":"<p>\u00d8kt 1 ble gjennomf\u00f8rt p\u00e5 Spicheren Fitnessenter 26. August Kunde 2 Alder: 23 Kj\u00f8nn: Mann Yrke: Student Sivilstand: Singel Tid\/tilgjengelighet: Har en fleksibel timeplan som gir mye ledig tid p\u00e5 dagtid. \u00d8nsker prim\u00e6rt ikke trening p\u00e5 ettermiddag\/kveld. Kundens m\u00e5lsetting: \u00d8nsker &hellip; <a href=\"https:\/\/home.uia.no\/pertb14\/oppgaver\/idr-129\/kunde-2\/time-1\/\">Les videre <span class=\"meta-nav\">&rarr;<\/span><\/a><\/p>\n","protected":false},"author":1074,"featured_media":0,"parent":16,"menu_order":0,"comment_status":"closed","ping_status":"closed","template":"","meta":{"_exactmetrics_skip_tracking":false,"_exactmetrics_sitenote_active":false,"_exactmetrics_sitenote_note":"","_exactmetrics_sitenote_category":0,"footnotes":""},"_links":{"self":[{"href":"https:\/\/home.uia.no\/pertb14\/wp-json\/wp\/v2\/pages\/29"}],"collection":[{"href":"https:\/\/home.uia.no\/pertb14\/wp-json\/wp\/v2\/pages"}],"about":[{"href":"https:\/\/home.uia.no\/pertb14\/wp-json\/wp\/v2\/types\/page"}],"author":[{"embeddable":true,"href":"https:\/\/home.uia.no\/pertb14\/wp-json\/wp\/v2\/users\/1074"}],"replies":[{"embeddable":true,"href":"https:\/\/home.uia.no\/pertb14\/wp-json\/wp\/v2\/comments?post=29"}],"version-history":[{"count":9,"href":"https:\/\/home.uia.no\/pertb14\/wp-json\/wp\/v2\/pages\/29\/revisions"}],"predecessor-version":[{"id":73,"href":"https:\/\/home.uia.no\/pertb14\/wp-json\/wp\/v2\/pages\/29\/revisions\/73"}],"up":[{"embeddable":true,"href":"https:\/\/home.uia.no\/pertb14\/wp-json\/wp\/v2\/pages\/16"}],"wp:attachment":[{"href":"https:\/\/home.uia.no\/pertb14\/wp-json\/wp\/v2\/media?parent=29"}],"curies":[{"name":"wp","href":"https:\/\/api.w.org\/{rel}","templated":true}]}}